t is the units digit of x(m)?
1
Suppose 3*v + l = 379, -5*l = -4*v - 4*l + 510. What is the units digit of v?
7
Suppose -k + 8 = 2. Let q = 0 + 33. Suppose k + 22 = 2*j - 2*t, -2*j - 3*t = -q. What is the tens digit of j?
1
Let h = -13 + 10. What is the tens digit of 40 + h/(6 - 3)?
3
Suppose -4*i = 5*p + 2 + 3, -p = 5*i + 1. What is the units digit of -30*(4/(-8) + i)?
5
Suppose -3*z = 3*s + 15 + 3, z + 4 = 0. Let u be 8 + 2/s*2. Suppose 4*o + 3*f - u*f - 1 = 0, 4*o - 2*f = 2. What is the units digit of o?
1
Let d(c) = -c**2 - 8*c - 6. Let p = -18 - -12. What is the units digit of d(p)?
6
Let h = 28 + -11. Suppose h = -5*y + 4*o + 54, 5*o - 10 = -5*y. Suppose -5 = 5*p + a - 22, -5 = -y*p - 5*a. What is the units digit of p?
4
Let j = -4 + 9. Let m be 0 + (1 - (-1 + 0)). Suppose -4*d = -j*q + m*q - 16, 2*d - 3*q = 14. What is the units digit of d?
1
Let a(p) = -49*p + 14. What is the hundreds digit of a(-5)?
2
Let a = -6 + 0. Let h(j) be the second derivative of -j**4/12 - 3*j**3/2 - 9*j**2/2 + 2*j. What is the units digit of h(a)?
9
Let k be (4 - -3)*(-4)/(-14). Let r be 26/(-5) - (-2)/10. What is the units digit of r/(-10)*(k + 24)?
3
What is the tens digit of (18 - (-3 + 2)) + -1?
1
Let m(d) = 2*d**2 - 9. Let r be m(0). Let z(j) = -2*j - 7. What is the tens digit of z(r)?
1
Let p be 38 - (5 - 3/1). Suppose 3*u = u + p. What is the units digit of u?
8
Suppose 2*y + 3*y = 25. Let j = 6 + -2. What is the units digit of 10/4*j/y?
2
Let p = 0 - -2. Let c(h) = -h**2 - 3. Let b(q) = -3*q**2 + q - 9. Let s(u) = -3*b(u) + 8*c(u). What is the units digit of s(p)?
1
Let i be (-2)/7 + (-33)/7. Let z = i - -14. What is the units digit of z?
9
Let d(u) = -u**3 + 7*u**2 - 3*u + 7. What is the tens digit of d(6)?
2
Let h(a) be the first derivative of 20*a**3/3 + a**2/2 + a - 3. Let g be h(-1). What is the units digit of 295/g + 3/(-4)?
4
Let b = 26 + -14. Let j be (-2 + -3)*b/(-10). What is the units digit of (8/j)/((-3)/(-9))?
4
Let q(f) = f**3 + 4*f**2 + 5. Let w be q(-4). Suppose 2*d - w = d. Suppose -4*l - 2*y + 8 = 2*y, d*l - 4*y = 19. What is the units digit of l?
3
Let m(n) = -n**2 + 30*n + 8. What is the hundreds digit of m(26)?
1
What is the tens digit of (-13)/(-3*2/6)?
1
Suppose -56 - 105 = -7*q. What is the tens digit of q?
2
What is the tens digit of (-2)/(-20)*6 + (-3393)/(-45)?
7
Let x be 2/(-1)*(-12)/(-24). What is the tens digit of (x - 0) + (2 - -32)?
3
Let a(d) = 9*d + 3. What is the tens digit of a(2)?
2
Let g(k) = 11*k + 12. What is the tens digit of g(7)?
8
Let c(k) = k**3 + 7*k**2 + 6*k + 4. Let y be c(-6). Suppose -y*v + 8 = -52. What is the units digit of v?
5
Let f = 21 + 6. What is the tens digit of f?
2
Suppose 2*o + 5 = 5*p, -p - 2*o + 1 = -0. Let c = -1 + p. Suppose c = 3*t - 8*t + 30. What is the units digit of t?
6
Let v be (-2)/5 + (-85)/(-25). Suppose -v*r + 12 = -0. Suppose 35 = r*c + c. What is the units digit of c?
7
Suppose 118 + 173 = 3*p. What is the units digit of p?
7
Let q be 42 + 1 - (1 + -3). Suppose -37 = -3*u - x, 0 = -4*u - x + 4*x + q. What is the units digit of u?
2
Let a = 10 + -4. What is the units digit of (-272)/(-12) + 2/a?
3
Let h = 182 - 62. What is the units digit of h?
0
Suppose 0 = 5*t + 5*y - 495, -t + 53 + 43 = 2*y. What is the hundreds digit of t?
1
Suppose -4*g - 1154 = -3*m, 0*m + 3*g = -5*m + 1875. What is the tens digit of m?
7
Let a = -18 + 5. Let j = a + 45. Suppose -8*l = -4*l - j. What is the units digit of l?
8
Let h(v) = -v + 2. Let w be h(2). Suppose w = -n - 2*m + 4, -5*m - 5 = 2*n - n. What is the units digit of n?
0
Suppose -185 = -g - b, 4*g + 0*b = 4*b + 716. What is the tens digit of g?
8
What is the units digit of ((-7)/((-105)/54))/((-12)/(-270))?
1
Let t = -54 + 33. Let u = t + 39. What is the units digit of u?
8
Let k = 5 - -2. Let l = -6 + k. What is the units digit of l?
1
Let c be (2 - 3)/(2/(-46)). Let u = c + -10. What is the tens digit of u?
1
Suppose -2*m - 75 = -7*m. What is the units digit of m?
5
Suppose 18 = 4*o + 5*t, -2*o + 2*t = t - 2. What is the tens digit of 6/4*o - -12?
1
Suppose -4*c + 0 + 24 = 0. Let v(j) = -j**2 + 10 + 3*j + 2*j - c*j - 5*j. What is the units digit of v(-7)?
3
Let z(y) be the first derivative of y**3/3 + y**2/2 - 5*y - 3. Let c be z(5). Suppose 5*i + 10 = c. What is the units digit of i?
3
Suppose 8*r = -2*b + 4*r - 12, 3*r = -4*b - 9. Suppose b = -3*s + 6 - 3. Let u = s + 4. What is the units digit of u?
5
Suppose 0 = d - 5*h - 22, 5*d + 1 = -4*h - 5. What is the units digit of d?
2
Let y = -45 + 93. What is the units digit of y?
8
Let l = 24 - -101. What is the tens digit of l?
2
Let x(j) be the third derivative of -j**6/120 - 7*j**5/60 - 5*j**4/24 + 4*j**3/3 + 2*j**2. What is the units digit of x(-6)?
2
What is the tens digit of (-3690)/(-35) - 12/(-21)?
0
Let w = -3 - 0. Let c be (-8)/w - 1/(-3). Suppose -26 + 5 = -c*u - 3*h, 3*u - 4*h = 14. What is the units digit of u?
6
Suppose -2*o = 1 + 1. Let k = o + 11. What is the tens digit of k?
1
Let p be 4/2*(-4 + 6). Let s(a) = a**2 + 3*a - 4. Let w be s(-4). Let d = p - w. What is the units digit of d?
4
Suppose 306 + 68 = 5*j + 4*x, -5*x = -j + 98. What is the tens digit of j/8 + (-6)/(-24)?
1
Suppose a = x - 123, 246 = 2*x + a + 4*a. What is the hundreds digit of x?
1
Let i be (-6)/(-4)*2/1. Suppose 11 = k - y, 2*y + 1 - i = -2*k. Suppose -p + k + 3 = 0. What is the units digit of p?
9
Let r(p) = -7*p**3 + p**2. Let d = 3 - 2. Let w be r(d). What is the units digit of ((-8)/(-6))/((-4)/w)?
2
Let w(i) = 10*i**3 + 3*i**2 + 2*i - 4. What is the tens digit of w(3)?
9
Let k(j) = -j**2 + 3*j - 2. Let r be k(2). Let d be 0 + 0/(2 - r). Suppose d = q - 3*q + 10. What is the units digit of q?
5
Let w(p) = -p + 8. Let u be w(6). Let i be -2*(-12)/(-3) + u. Let x = 7 + i. What is the units digit of x?
1
Let i(v) be the first derivative of -v**4/4 + 2*v**3 + v**2 + 3*v + 1. What is the tens digit of i(6)?
1
Let t be (2/4 + -2)*-6. Let x(s) = -s**2 + 9*s - 10. Let o be x(7). Suppose -c = -o*c + t. What is the units digit of c?
3
Suppose -2*j + 0*v = -3*v - 120, 4*j - 3*v = 246. What is the tens digit of j?
6
Let o be (-2)/(-5) + 8/5. Suppose -2*q = -0 - o. Suppose 2*j - 5 = -q. What is the units digit of j?
2
Suppose -10*f + 5*f + 270 = 0. What is the tens digit of f?
5
Let p = 6 - 0. Let b = p + -2. What is the units digit of b?
4
Let j(m) = 15*m**2 + m + 6. What is the units digit of j(-2)?
4
Suppose 2329 = 12*g + 853. What is the tens digit of g?
2
Let y = 2 - 10. Let x(z) = -z**2 - 10*z - 10. Let h be x(y). What is the units digit of (h/10)/((-1)/(-15))?
9
Let m = 58 + -53. What is the units digit of m?
5
What is the units digit of (-39)/(-2)*12/9?
6
Let u(k) be the first derivative of k**4/4 + k**3 - k**2/2 - k + 4. Let p be u(-3). Suppose p*z = s + 4*z - 15, 0 = 5*s + z - 57. What is the tens digit of s?
1
Suppose 3*r - 522 = 3*u, -3*r + 2*u + 610 - 89 = 0. What is the tens digit of r?
7
Suppose -4*p + 1 = -15. Suppose -p*q + 7 = -5. What is the units digit of q?
3
Let n(y) = 2*y**2 + 23*y + 1. What is the units digit of n(-12)?
3
Let d(i) = 32*i - 2. Let p be d(1). Let t be 1 + 2/((-2)/3). What is the units digit of (24/p)/(t/(-20))?
8
Let f = -10 - -14. Suppose 0 = -f*w + 5*w + y - 37, -148 = -4*w - 2*y. What is the tens digit of w?
3
Let j = 16 - 8. Let x = -4 + j. Suppose x*i + 0*i = 12. What is the units digit of i?
3
Let h(g) = 2*g - 2. Let j be h(3). Let m = j - 0. What is the units digit of m?
4
Let f be 123/9 + 4/(-6). Suppose -v = -f - 9. Suppose -b - 4*r + 15 = 0, 3*b - 3*r - v = -b. What is the units digit of b?
7
Suppose -3*z = 6, -2*w - 4*z = 3 + 1. Let c be (21/7)/(w/2). What is the units digit of 70/8 + c/12?
9
Suppose i - 3*i = -2*p - 16, 36 = 3*i + p. What is the tens digit of i?
1
Suppose -3*r - 4*z - 2 = -25, -2*z + 31 = 3*r. What is the units digit of r?
3
Suppose -4 = -2*v, -4 = -4*y - 3*v + 14. Suppose 3*h = 9 + y. What is the units digit of h/6*(-3)/(-2)?
1
Suppose 4*q - 2*w - 3*w - 149 = 0, 0 = -2*w - 2. What is the tens digit of q?
3
Suppose u - 9 = 7. Suppose -2 = -x + u. What is the units digit of x?
8
Let n be 9/(-2)*10/(-15). Suppose -n*w = r - 2, 0 = -3*w - 5*r - 11 - 3. What is the units digit of 9 + w + (0 - 0)?
1
Let j(a) = -a**2 + 10*a - 6. Let d be j